ve o(3).
25
Let y(r) = 7*r**2 + 1270*r + 1786. Give y(-180).
-14
Let d(g) = -g**3 + 17*g - 48. What is d(5)?
-88
Let b(q) = 7*q**2 + 7*q - 15. Give b(2).
27
Let b(c) = -c**2 - 70*c - 437. What is b(-7)?
4
Let z(h) = h**3 - 92*h**2 + 92*h - 94. Determine z(91).
-3
Let c(h) = -94*h**2 - 23*h + 24. Calculate c(1).
-93
Let n(b) = -b**3 - 7*b**2 + 24*b + 80. What is n(-8)?
-48
Let p(h) = 5*h + 348. Calculate p(5).
373
Let t(l) = -l**2 + 76*l - 927. What is t(59)?
76
Let o(h) = -5*h**2 - 199*h + 926. Determine o(-44).
2
Let a(g) = 25*g**2 + 58*g + 8. What is a(-2)?
-8
Let f(q) = 685*q - 2747. Give f(4).
-7
Let r(s) = 168*s + 1058. Determine r(-6).
50
Let z(x) = 6*x**3 + 6*x**2 + 4*x + 27. Give z(-2).
-5
Let x(f) = -f**3 - 9*f**2 + 15*f + 53. Determine x(-8).
-131
Let n(b) = 3*b**3 - 18*b**2 - b - 14. Determine n(5).
-94
Let s(q) = q**3 - 14*q**2 + 5*q + 73. What is s(13)?
-31
Let q(t) = 2456*t - 100699. Give q(41).
-3
Let o(m) = -m**2 + 48*m - 329. What is o(40)?
-9
Let q(r) = -95*r + 2721. Calculate q(28).
61
Let l(c) = -7*c - 177. Calculate l(-75).
348
Let v(j) = -j**3 - 19*j**2 + 20*j + 3. Calculate v(-20).
3
Let y(p) = -3*p**2 - 88*p + 392. Give y(4).
-8
Let x(d) = -435*d + 8773. Give x(20).
73
Let f(r) = -r**3 - 16*r**2 + 95*r + 1079. What is f(-18)?
17
Let h(m) = m**2 - 20*m + 118. Give h(11).
19
Let k(q) = q**3 - 19*q**2 - 27*q - 1. Determine k(20).
-141
Let v(p) = 5456*p - 43649. Determine v(8).
-1
Let d(c) = 156*c - 79. Give d(-4).
-703
Let s(a) = a**2 - 169*a - 7. Give s(169).
-7
Let f(h) = -9*h - 43. What is f(-11)?
56
Let z(v) = -125*v + 2750. Give z(22).
0
Let d(a) = a**3 - 38*a**2 + 21*a + 596. What is d(37)?
4
Let d(v) = -v**3 - 17*v**2 + 25*v - 52. Give d(-19).
195
Let i(v) = -46*v - 114. What is i(-3)?
24
Let j(q) = -q**3 - 11*q**2 + 53*q - 12. What is j(4)?
-40
Let c(u) = -69*u**2 - 899*u - 31. What is c(-13)?
-5
Let t(n) = -n**2 - 11*n + 106. What is t(-16)?
26
Let n(m) = 27*m - 31. Give n(1).
-4
Let n(f) = 176*f - 13. Determine n(0).
-13
Let t(i) = -i**3 + 15*i**2 - 34*i + 100. Give t(13).
-4
Let r(q) = 17*q**2 - 938*q - 64. Determine r(55).
-229
Let h(f) = 7*f + 15. Calculate h(-32).
-209
Let w(k) = -87*k - 4493. What is w(-52)?
31
Let v(l) = 498*l - 41. Calculate v(0).
-41
Let x(b) = 788*b + 3148. Calculate x(-4).
-4
Let k(p) = 10*p**2 - 19*p + 23. Give k(7).
380
Let v(l) = 6*l**2 - 648*l - 6324. Determine v(-9).
-6
Let j(k) = k**3 - 3*k**2 - 337*k + 1012. Give j(3).
1
Let k(b) = b**3 + 41*b**2 + 2*b + 63. Determine k(-41).
-19
Let o(l) = 87*l + 6964. What is o(-80)?
4
Let t(c) = -65*c**2 + 97*c + 303. Determine t(-3).
-573
Let n(t) = 2*t**3 - 50*t**2 - 66*t + 368. Determine n(26).
4
Let f(r) = 40*r + 1739. Calculate f(-42).
59
Let i(y) = -3*y**2 - 85*y + 72. Determine i(-29).
14
Let m(d) = -68*d - 606. Calculate m(-8).
-62
Let b(u) = 45*u**2 - 142*u + 140. Calculate b(1).
43
Let u(n) = 4*n**2 - 119*n + 908. Give u(8).
212
Let o(n) = -9*n - 22. Give o(-8).
50
Let o(d) = -4881*d + 43940. What is o(9)?
11
Let h(b) = -b**2 + 634*b - 8068. Determine h(13).
5
Let u(r) = -3*r**3 - 22*r**2 - 46*r - 128. Calculate u(-6).
4
Let i(l) = l**3 + 58*l**2 - 119*l + 61. Calculate i(-60).
1
Let m(q) = 337*q - 2217. What is m(6)?
-195
Let l(y) = y**2 + 8*y - 1065. What is l(30)?
75
Let p(q) = 2*q**3 + 115*q**2 + 61*q + 106. Give p(-57).
-122
Let d(k) = -3*k**3 + 15*k**2 - 11*k + 5. What is d(-4)?
481
Let p(c) = 227*c + 2014. Give p(-9).
-29
Let f(t) = -5*t**2 - 323*t - 496. What is f(-63)?
8
Let n(w) = 2*w**2 + 60*w + 192. Calculate n(-30).
192
Let a(z) = -489*z - 15629. Calculate a(-32).
19
Let n(i) = -16*i - 476. Give n(-31).
20
Let q(l) = -3*l**3 + 12*l - 25. Give q(3).
-70
Let t(y) = -263*y - 46799. What is t(-178)?
15
Let f(o) = o**3 + 54*o**2 + 176*o - 79. Give f(-4).
17
Let g(s) = -82*s + 85. Give g(1).
3
Let f(a) = -186*a**3 - a - 2. Determine f(-1).
185
Let b(a) = a**2 - 9*a - 4. Calculate b(-6).
86
Let d(t) = 54*t**2 - 27*t. Calculate d(2).
162
Let g(s) = 137*s + 7540. Give g(-55).
5
Let w(u) = u**3 + 35*u**2 - 13*u - 905. Give w(-35).
-450
Let t(w) = -3*w**2 + 62*w + 7. Determine t(0).
7
Let k(j) = 214*j**2 + 1293*j + 4. Give k(-6).
-50
Let x(o) = 3*o**3 + 152*o**2 + 60*o + 5669. What is x(-51)?
8
Let l(n) = -3*n**3 + 7*n - 7. Give l(1).
-3
Let r(i) = 16*i**2 + 227*i + 398. Determine r(-2).
8
Let t(a) = 7*a**3 + a**2 + 2*a + 4. Give t(-2).
-52
Let y(d) = d**2 - 36*d + 400. Calculate y(18).
76
Let q(u) = 235*u - 1512. Calculate q(6).
-102
Let w(p) = -p**3 - 115*p**2 + 732*p + 686. Give w(-121).
-40
Let h(q) = -7*q**2 - 464*q - 164. What is h(-66)?
-32
Let b(q) = -q**2 + 354*q - 16699. What is b(56)?
-11
Let p(w) = 2*w**2 + 75*w + 396. Determine p(-31).
-7
Let x(k) = -176*k**2 - 6*k + 16. Determine x(-2).
-676
Let r(b) = 2*b**3 + 7*b**2 - 19*b - 39. Calculate r(-5).
-19
Let o(t) = 2*t**2 + 26*t - 22. Determine o(-12).
-46
Let s(j) = 29*j**3 + 3*j**2 + 6*j + 4. Give s(-1).
-28
Let c(x) = 5*x - 34. Calculate c(7).
1
Let r(m) = 4*m**3 + 91*m**2 - 25*m - 85. Determine r(-23).
-39
Let k(b) = 2513*b + 22615. Determine k(-9).
-2
Let f(g) = 8*g**2 - 134*g - 23. Determine f(20).
497
Let r(i) = -44*i + 778. Calculate r(19).
-58
Let c(n) = -261*n + 1569. Calculate c(6).
3
Let g(h) = -2*h**2 + 11*h + 33. Calculate g(11).
-88
Let u(d) = -437*d + 421. Give u(1).
-16
Let q(o) = -5*o**2 - 406*o - 147. Calculate q(-81).
-66
Let o(p) = 3*p**3 - 44*p**2 + 36*p + 77. What is o(13)?
-300
Let m(f) = -f**3 - 25*f**2 + 351*f - 417. Give m(9).
-12
Let k(c) = -c**3 - 16*c**2 - 42*c - 40. What is k(-13)?
-1
Let q(l) = -7*l - 181. Give q(-33).
50
Let s(m) = 77*m - 686. Give s(-6).
-1148
Let v(l) = 2*l**3 - 7*l**2 + 20*l - 10. What is v(2)?
18
Let s(m) = 4*m**2 - 27*m + 12. What is s(12)?
264
Let r(g) = 13*g**2 + 15*g - 2. Calculate r(-2).
20
Let z(s) = s**2 - 77*s + 247. Determine z(53).
-1025
Let l(s) = -49*s + 187. What is l(5)?
-58
Let t(h) = -h**3 - 223*h**2 - 1089*h + 245. Give t(-218).
27
Let s(z) = z**3 - 8*z**2 + z - 72. Calculate s(9).
18
Let z(s) = -1253*s - 10. Determine z(0).
-10
Let k(g) = 6*g - 137. Calculate k(0).
-137
Let y(q) = -2*q**2 + 71*q - 608. Give y(20).
12
Let x(r) = r**3 + r**2 - 59*r - 122. Give x(-2).
-8
Let y(j) = j**2 - 18*j + 16. Determine y(0).
16
Let i(l) = -2*l**2 + 265*l - 8109. Determine i(48).
3
Let w(i) = 71*i**2 + 31*i + 56. What is w(-2)?
278
Let n(p) = -3*p**3 + 177*p**2 - 181*p + 436. Determine n(58).
30
Let x(y) = 5*y**3 + 24*y**2 - 6*y - 6. Give x(-5).
-1
Let n(p) = -54*p**3 + 53*p**2 - 53*p. Give n(1).
-54
Let q(a) = -377*a - 183. Give q(0).
-183
Let u(n) = 225*n + 1308. What is u(-6)?
-42
Let u(g) = -183*g - 6686. Determine u(-38).
268
Let p(i) = 1822*i - 34627. Give p(19).
-9
Let m(z) = 35*z**2 + 9*z - 1. What is m(2)?
157
Let u(k) = -68*k + 77. What is u(1)?
9
Let h(n) = -7046*n - 56364. Give h(-8).
4
Let c(v) = 11*v**2 + 25*v - 3. Calculate c(-3).
21
Let q(w) = -17*w**3 - 5*w**2 + 5*w - 8. Calculate q(2).
-154
Let u(s) = 236*s - 353. What is u(2)?
119
Let f(o) = -4349*o - 39157. Determine f(-9).
-16
Let q(o) = 259*o + 1500. Give q(-6).
-54
Let d(u) = -86*u - 1352. Determine d(-14).
-148
Let j(y) = 2*y**3 + 106*y**2 + 89*y - 776. What is j(-52)?
4
Let p(j) = -10*j - 104. Calculate p(-5).
-54
Let u(v) = 244*v + 9542. Calculate u(-39).
26
Let d(z) = -2*z**2 + 209*z + 13. Give d(0).
13
Let n(w) = 220*w**2 - 9*w - 5. Give n(-1).
224
Let z(q) = 2*q**2 + 29*q + 289. Calculate z(-13).
250
Let h(b) = -b**3 - 13*b**2 + 59*b - 31. Determine h(4).
-67
Let n(g) = 51*g + 197. Calculate n(-4).
-7
Let x(m) = m**3 - 4*m**2 + 94*m + 452. Calculate x(-5).
-243
Let l(w) = 218*w - 3496. Determine l(16).
-8
Let v(x) = -x**3 - 9*x**2 + 5*x + 126. Give v(-7).
-7
Let b(h) = -h**2 - 106*h - 1856. Determine b(-84).
-8
Let p(f) = 9*f**2 - 228*f - 945. What is p(-4)?
111
Let n(u) = 98*u + 5570. Calculate n(-56).
82
Let h(c) = 124*c + 19586. Determine h(-158).
-6
Let r(o) = o**2 - 7*o - 270. Give r(-14).
24
Let d(f) = -35*f - 2554. Give d(-64).
-314
Let f(x) = 5*x**2 + 217*x + 129. What is f(-43)?
43
Let v(m) = -9*m**2 - 215*m + 90. What is v(-25)?
-160
Let j(d) = d**3 - 22*d**2 - 39*d - 250. What is j(24)?
-34
Let a(x) = -98*x - 2433. What is a(-25)?
17
Let i(v) = -2*v**3 + 27*v**2 - 73*v + 41. Calculate i(2).
-13
Let p(d) = 795*d + 1605. 